{"version":"1.0","provider_name":"\u00c1llatvil\u00e1g","provider_url":"https:\/\/allatvilag.cafeblog.hu","author_name":"Anita","author_url":"https:\/\/allatvilag.cafeblog.hu\/author\/berkeczianitayahoo-com\/","title":"Jegesmedve","html":"<div dir=\"ltr\" style=\"text-align: left\"><br \/><b>A jegesmedve (Ursus maritimus, kor\u00e1bban Thalarctos maritimus) a ragadoz\u00f3k rendj\u00e9be, ezen bel\u00fcl a medvef\u00e9l\u00e9k csal\u00e1dj\u00e1ba tartoz\u00f3, az \u00c9szaki-sarkvid\u00e9ken \u00e9l\u0151 eml\u0151sfaj, rendj\u00e9nek m\u00e1sodik legnagyobb tagja.<\/b><br \/><b><br \/><\/b><br \/><div style=\"clear: both;text-align: center\"><a href=\"https:\/\/allatvilag.cafeblog.hu\/files\/2017\/05\/jegesm-2B01.jpg\" style=\"clear: left;float: left;margin-bottom: 1em;margin-right: 1em\"><img border=\"0\" height=\"240\" src=\"https:\/\/allatvilag.cafeblog.hu\/files\/2017\/05\/jegesm-2B01-300x225.jpg\" width=\"320\" \/><\/a><\/div>A jegesmedve elterjed\u00e9si ter\u00fclete az \u00c9szaki-sarkvid\u00e9k j\u00e9gmez\u0151inek d\u00e9li r\u00e9sze. A legt\u00f6bb jegesmedve szinte sohasem teszi a l\u00e1b\u00e1t igazi sz\u00e1razf\u00f6ldre, t\u00f6bbs\u00e9g\u00fck eg\u00e9sz \u00e9let\u00e9t a sarkvid\u00e9k befagyott vizein, a lassan sodr\u00f3d\u00f3 j\u00e9gmez\u0151k\u00f6n t\u00f6lti. Csak a p\u00e1rz\u00e1sn\u00e1l mennek stabil helyre.<br \/><br \/>A ragadoz\u00f3 eml\u0151s\u00f6k rendj\u00e9nek legnagyobb test\u0171 k\u00e9pvisel\u0151je (a kodiak-medve mellett). Teste ny\u00fal\u00e1nk, feje \u00e9s arcorra megny\u00falt, szemfoga gyeng\u00e9n fejlett, apr\u00f3 f\u00fcle \u00e9s r\u00f6vid farka cs\u00f6kkenti a h\u0151lead\u00e1st. Szeme kicsiny, nyaka hossz\u00fa, l\u00e1bai a t\u00f6bbi medv\u00e9\u00e9n\u00e9l j\u00f3val sz\u00e9lesebbek \u00e9s hosszabbak, l\u00e1bsz\u00e1rai r\u00f6videk, de vastagok \u00e9s izmosak, ujjait csaknem hossz\u00fas\u00e1guk fel\u00e9ig \u00fasz\u00f3h\u00e1rtya k\u00f6ti \u00f6ssze, karmai r\u00f6videk. A t\u00f6bbi medv\u00e9n\u00e9l j\u00f3val nagyobb; testhossza 1,8-3 m\u00e9ter.<br \/><br \/><div style=\"clear: both;text-align: center\"><a href=\"https:\/\/allatvilag.cafeblog.hu\/files\/2017\/05\/jegesm-2B02.jpg\" style=\"margin-left: 1em;margin-right: 1em\"><img border=\"0\" height=\"300\" src=\"https:\/\/allatvilag.cafeblog.hu\/files\/2017\/05\/jegesm-2B02-300x225.jpg\" width=\"400\" \/><\/a><\/div><br \/>A jegesmedve szinte \u00e1lland\u00f3an v\u00e1ndor\u00faton van, s emiatt m\u00e9g saj\u00e1t territ\u00f3riumot sem tart. Ezen nem is csod\u00e1lkozhatunk, hiszen a j\u00e9gmez\u0151k nemigen szolg\u00e1lnak b\u0151s\u00e9ges t\u00e1pl\u00e1l\u00e9kkal, \u00e9s viszonylag nagy utat kell megtenni\u00fck az \u00e1llatoknak ahhoz, hogy napi t\u00e1pl\u00e1l\u00e9kukat beszerezz\u00e9k.Zs\u00e1km\u00e1ny ut\u00e1n kutatva ak\u00e1r napi 70 km-es t\u00e1vols\u00e1got is megtesznek. M\u00edg sok m\u00e1s medvefaj \u00e9trendj\u00e9n igen jelent\u0151s a n\u00f6v\u00e9nyi eredet\u0171 t\u00e1pl\u00e1l\u00e9kok szerepe, a jegesmedve csak a sarki ny\u00e1r h\u00f3napjaiban fogyaszt egy kev\u00e9s zuzm\u00f3t, moh\u00e1t vagy bogy\u00f3t, de azt is csup\u00e1n \u00e9trendi kieg\u00e9sz\u00edt\u00e9sk\u00e9nt. T\u00e1pl\u00e1l\u00e9k\u00e1nak z\u00f6me \u00e1llati eredet\u0171, s mivel a sarkvid\u00e9k zord k\u00f6r\u00fclm\u00e9nyei k\u00f6zt nemigen v\u00e1logathat, szinte mindent megeszik. Ez a hatalmas, tal\u00e1n lomh\u00e1nak t\u0171n\u0151 \u00e1llat nagy \u00fcgyess\u00e9ggel hal\u00e1szik, ha pedig vad\u00e1szik, kitart\u00f3an \u00fcld\u00f6zi zs\u00e1km\u00e1ny\u00e1t.<br \/><br \/><div style=\"clear: both;text-align: center\"><a href=\"https:\/\/allatvilag.cafeblog.hu\/files\/2017\/05\/jegesm-2B03.jpg\" style=\"margin-left: 1em;margin-right: 1em\"><img border=\"0\" height=\"300\" src=\"https:\/\/allatvilag.cafeblog.hu\/files\/2017\/05\/jegesm-2B03-300x225.jpg\" width=\"400\" \/><\/a><\/div><br \/><div style=\"clear: both;text-align: center\"><a href=\"https:\/\/allatvilag.cafeblog.hu\/files\/2017\/05\/jegesm-2B04.jpg\" style=\"margin-left: 1em;margin-right: 1em\"><img border=\"0\" height=\"300\" src=\"https:\/\/allatvilag.cafeblog.hu\/files\/2017\/05\/jegesm-2B04-300x225.jpg\" width=\"400\" \/><\/a><\/div><br \/>A hal mellett egyik kedvenc t\u00e1pl\u00e1l\u00e9k\u00e1t a f\u00f3k\u00e1k k\u00e9pezik, de olykor madarakat \u00e9s r\u00e9nszarvasokat is zs\u00e1km\u00e1nyul ejt, s\u0151t a d\u00f6g\u00f6t sem veti meg. A jegesmedve egy\u00e9bk\u00e9nt az \u00e9szaki sarkvid\u00e9k j\u00e9gmez\u0151inek cs\u00facsragadoz\u00f3ja, term\u00e9szetes ellens\u00e9ge j\u00f3form\u00e1n nincsen.<br \/><br \/><div style=\"clear: both;text-align: center\"><a href=\"https:\/\/allatvilag.cafeblog.hu\/files\/2017\/05\/jegesm-2B05.jpg\" style=\"margin-left: 1em;margin-right: 1em\"><img border=\"0\" height=\"300\" src=\"https:\/\/allatvilag.cafeblog.hu\/files\/2017\/05\/jegesm-2B05-300x225.jpg\" width=\"400\" \/><\/a><\/div><br \/>&nbsp;A kardsz\u00e1rny\u00fa delfinen, a nagy \u00e1mbr\u00e1sceten \u00e9s a gr\u00f6nlandi c\u00e1p\u00e1n k\u00edv\u00fcl tal\u00e1n csak a rozm\u00e1rok hatalmas agyarai jelentenek sz\u00e1m\u00e1ra veszedelmet, rozm\u00e1r azonban legfeljebb csak akkor t\u00e1mad jegesmedv\u00e9re, ha a fiatal rozm\u00e1rokat v\u00e9di. A jegesmedv\u00e9k kit\u0171n\u0151 \u00fasz\u00f3k. \u00dasz\u00e1s k\u00f6zben ak\u00e1r a t\u00edz kilom\u00e9teres sebess\u00e9get is el\u00e9rhetik. Fejjel el\u0151re ugranak bele a v\u00edzbe, mint a kuty\u00e1k, \u00e9s \u00fasz\u00e1s k\u00f6zben a kutya\u00fasz\u00e1shoz hasonl\u00f3an csak mells\u0151 l\u00e1bukat haszn\u00e1lj\u00e1k, h\u00e1ts\u00f3 l\u00e1bukat maguk ut\u00e1n h\u00fazz\u00e1k. Nyitott szemmel mer\u00fclnek a v\u00edz al\u00e1, s ott ak\u00e1r k\u00e9t percig is kib\u00edrj\u00e1k leveg\u0151v\u00e9tel n\u00e9lk\u00fcl.<br \/><br \/><br \/>\u00c9rdekess\u00e9gek<br \/><br \/>A jegesmedve igen j\u00f3l alkalmazkodott az \u00e9szaki sarkvid\u00e9k hideg\u00e9hez. Bund\u00e1ja olyan j\u00f3l szigetel, hogy a jegesmedve gyakorlatilag nem vesz\u00edt h\u0151t az orr\u00e1nak fel\u00fclet\u00e9t lesz\u00e1m\u00edtva, h\u0151kamer\u00e1val majdnem \u00e9szrevehetetlen a hideg t\u00e1jban. Ez okozza azonban sebezhet\u0151s\u00e9g\u00e9t is, meleg id\u0151ben sem k\u00e9pes h\u0151t leadni \u00e9s m\u00e1r viszonylag alacsony h\u0151m\u00e9rs\u00e9kleten is h\u0151gut\u00e1t kap.<br \/><br \/>&nbsp;A h\u0151szigetel\u00e9sben nemcsak vastag bund\u00e1j\u00e1nak jut kiemelked\u0151 szerep, hanem a b\u0151r alatti zs\u00edrr\u00e9tegnek is, amely egy-egy b\u0151s\u00e9ges id\u0151szakot k\u00f6vet\u0151en t\u00f6bb cm vastag is lehet. A zs\u00edrr\u00e9teg nemcsak h\u0151szigetel\u00e9st, vagy mechanikai v\u00e9delmet jelent az \u00e1llat sz\u00e1m\u00e1ra, hanem tartal\u00e9k t\u00e1panyagforr\u00e1st is a zs\u00e1km\u00e1nyban sz\u0171k\u00f6s id\u0151szakokra. Bund\u00e1ja val\u00f3j\u00e1ban nem egybef\u00fcgg\u0151 feh\u00e9r, hanem optikai csal\u00f3d\u00e1sk\u00e9nt a f\u00e9nyvisszaver\u0151d\u00e9s miatt l\u00e1tjuk annak. A feh\u00e9r sz\u0151rsz\u00e1lak k\u00f6zt \u00fcreges, \u00e1tl\u00e1tsz\u00f3 sz\u00e1lak helyezkednek el.<br \/><br \/>Szerep\u00fck, a h\u0151szigetel\u00e9s illetve az \u00fasz\u00e1s k\u00f6nny\u00edt\u00e9se. Alatta a b\u0151re fekete. Az \u00fcreges sz\u0151rsz\u00e1lak abban is seg\u00edtenek az \u00e1llatnak, hogy \u00fasz\u00e1s k\u00f6zben nagyobb legyen a felhajt\u00f3ereje. A jegesmedve bund\u00e1ja \u00e9s zs\u00edrja az ember figyelm\u00e9t is felkeltette, s emiatt az \u00e9szaki eszkim\u00f3k m\u00e1r \u00e9vezredek \u00f3ta vad\u00e1ssz\u00e1k ezeket az \u00e1llatokat. Az utols\u00f3 n\u00e9h\u00e1ny \u00e9vsz\u00e1zadban azonban a jegesmedv\u00e9k irt\u00e1sa egyre nagyobb, aggaszt\u00f3 m\u00e9reteket \u00f6lt\u00f6tt.<br \/><br \/>A jegesmedve \u00e9s a grizzly medve olykor a term\u00e9szetben is keresztez\u0151dik, hab\u00e1r a hibridek rendk\u00edv\u00fcl ritk\u00e1k.[8]<br \/>A jegesmedve talpa sz\u0151r\u00f6s, ez\u00e9rt biztons\u00e1ggal j\u00e1r a j\u00e9gen.<br \/>A jegesmedv\u00e9t a h\u00f3f\u00f6dte t\u00e1jb\u00f3l kivillan\u00f3 koromfekete orra k\u00f6nnyen el\u00e1rulja: vil\u00e1gos nappal, t\u00e1vcs\u0151vel ak\u00e1r t\u00edz kilom\u00e9ter t\u00e1vols\u00e1gb\u00f3l is megpillanthatjuk. Egy r\u00e9gi eszkim\u00f3 legenda szerint, amikor a f\u00f3k\u00e1k fel\u00e9 lop\u00f3dzik, orr\u00e1t a mancs\u00e1val eltakarja, nehogy leleplezze mag\u00e1t.<br \/><br \/>Ilyen viselked\u00e9st azonban sosem siker\u00fclt dokument\u00e1lni.<br \/><br \/>Magyarorsz\u00e1gon a Budapesti \u00c1llatkertben \u00e9s a Ny\u00edregyh\u00e1zi \u00c1llatparkban tartanak jegesmedv\u00e9ket.<br \/><div style=\"clear: both;text-align: center\"><\/div><br \/><div style=\"clear: both;text-align: center\"><\/div>&nbsp;Forras Wikipedia<br \/><div style=\"clear: both;text-align: center\"><\/div><\/div>","type":"rich","thumbnail_url":"https:\/\/allatvilag.cafeblog.hu\/files\/2017\/05\/jegesm-2B01-150x150.jpg","thumbnail_width":150,"thumbnail_height":150}

Állatvilág

<div dir="ltr" style="text-align: left"><br /><b>A jegesmedve (Ursus maritimus, korábban Thalarctos maritimus) a ragadozók rendjébe, ezen belül a medvefélék családjába tartozó, az Északi-sarkvidéken élő emlősfaj, rendjének második legnagyobb tagja.</b><br /><b><br /></b><br /><div style="clear: both;text-align: center"><a href="https://allatvilag.cafeblog.hu/files/2017/05/jegesm-2B01.jpg" style="clear: left;float: left;margin-bottom: 1em;margin-right: 1em"><img border="0" height="240" src="https://allatvilag.cafeblog.hu/files/2017/05/jegesm-2B01-300x225.jpg" width="320" /></a></div>A jegesmedve elterjedési területe az Északi-sarkvidék jégmezőinek déli része. A legtöbb jegesmedve szinte sohasem teszi a lábát igazi szárazföldre, többségük egész életét a sarkvidék befagyott vizein, a lassan sodródó jégmezőkön tölti. Csak a párzásnál mennek stabil helyre.<br /><br />A ragadozó emlősök rendjének legnagyobb testű képviselője (a kodiak-medve mellett). Teste nyúlánk, feje és arcorra megnyúlt, szemfoga gyengén fejlett, apró füle és rövid farka csökkenti a hőleadást. Szeme kicsiny, nyaka hosszú, lábai a többi medvéénél jóval szélesebbek és hosszabbak, lábszárai rövidek, de vastagok és izmosak, ujjait csaknem hosszúságuk feléig úszóhártya köti össze, karmai rövidek. A többi medvénél jóval nagyobb; testhossza 1,8-3 méter.<br /><br /><div style="clear: both;text-align: center"><a href="https://allatvilag.cafeblog.hu/files/2017/05/jegesm-2B02.jpg" style="margin-left: 1em;margin-right: 1em"><img border="0" height="300" src="https://allatvilag.cafeblog.hu/files/2017/05/jegesm-2B02-300x225.jpg" width="400" /></a></div><br />A jegesmedve szinte állandóan vándorúton van, s emiatt még saját territóriumot sem tart. Ezen nem is csodálkozhatunk, hiszen a jégmezők nemigen szolgálnak bőséges táplálékkal, és viszonylag nagy utat kell megtenniük az állatoknak ahhoz, hogy napi táplálékukat beszerezzék.Zsákmány után kutatva akár napi 70 km-es távolságot is megtesznek. Míg sok más medvefaj étrendjén igen jelentős a növényi eredetű táplálékok szerepe, a jegesmedve csak a sarki nyár hónapjaiban fogyaszt egy kevés zuzmót, mohát vagy bogyót, de azt is csupán étrendi kiegészítésként. Táplálékának zöme állati eredetű, s mivel a sarkvidék zord körülményei közt nemigen válogathat, szinte mindent megeszik. Ez a hatalmas, talán lomhának tűnő állat nagy ügyességgel halászik, ha pedig vadászik, kitartóan üldözi zsákmányát.<br /><br /><div style="clear: both;text-align: center"><a href="https://allatvilag.cafeblog.hu/files/2017/05/jegesm-2B03.jpg" style="margin-left: 1em;margin-right: 1em"><img border="0" height="300" src="https://allatvilag.cafeblog.hu/files/2017/05/jegesm-2B03-300x225.jpg" width="400" /></a></div><br /><div style="clear: both;text-align: center"><a href="https://allatvilag.cafeblog.hu/files/2017/05/jegesm-2B04.jpg" style="margin-left: 1em;margin-right: 1em"><img border="0" height="300" src="https://allatvilag.cafeblog.hu/files/2017/05/jegesm-2B04-300x225.jpg" width="400" /></a></div><br />A hal mellett egyik kedvenc táplálékát a fókák képezik, de olykor madarakat és rénszarvasokat is zsákmányul ejt, sőt a dögöt sem veti meg. A jegesmedve egyébként az északi sarkvidék jégmezőinek csúcsragadozója, természetes ellensége jóformán nincsen.<br /><br /><div style="clear: both;text-align: center"><a href="https://allatvilag.cafeblog.hu/files/2017/05/jegesm-2B05.jpg" style="margin-left: 1em;margin-right: 1em"><img border="0" height="300" src="https://allatvilag.cafeblog.hu/files/2017/05/jegesm-2B05-300x225.jpg" width="400" /></a></div><br />&nbsp;A kardszárnyú delfinen, a nagy ámbrásceten és a grönlandi cápán kívül talán csak a rozmárok hatalmas agyarai jelentenek számára veszedelmet, rozmár azonban legfeljebb csak akkor támad jegesmedvére, ha a fiatal rozmárokat védi. A jegesmedvék kitűnő úszók. Úszás közben akár a tíz kilométeres sebességet is elérhetik. Fejjel előre ugranak bele a vízbe, mint a kutyák, és úszás közben a kutyaúszáshoz hasonlóan csak mellső lábukat használják, hátsó lábukat maguk után húzzák. Nyitott szemmel merülnek a víz alá, s ott akár két percig is kibírják levegővétel nélkül.<br /><br /><br />Érdekességek<br /><br />A jegesmedve igen jól alkalmazkodott az északi sarkvidék hidegéhez. Bundája olyan jól szigetel, hogy a jegesmedve gyakorlatilag nem veszít hőt az orrának felületét leszámítva, hőkamerával majdnem észrevehetetlen a hideg tájban. Ez okozza azonban sebezhetőségét is, meleg időben sem képes hőt leadni és már viszonylag alacsony hőmérsékleten is hőgutát kap.<br /><br />&nbsp;A hőszigetelésben nemcsak vastag bundájának jut kiemelkedő szerep, hanem a bőr alatti zsírrétegnek is, amely egy-egy bőséges időszakot követően több cm vastag is lehet. A zsírréteg nemcsak hőszigetelést, vagy mechanikai védelmet jelent az állat számára, hanem tartalék tápanyagforrást is a zsákmányban szűkös időszakokra. Bundája valójában nem egybefüggő fehér, hanem optikai csalódásként a fényvisszaverődés miatt látjuk annak. A fehér szőrszálak közt üreges, átlátszó szálak helyezkednek el.<br /><br />Szerepük, a hőszigetelés illetve az úszás könnyítése. Alatta a bőre fekete. Az üreges szőrszálak abban is segítenek az állatnak, hogy úszás közben nagyobb legyen a felhajtóereje. A jegesmedve bundája és zsírja az ember figyelmét is felkeltette, s emiatt az északi eszkimók már évezredek óta vadásszák ezeket az állatokat. Az utolsó néhány évszázadban azonban a jegesmedvék irtása egyre nagyobb, aggasztó méreteket öltött.<br /><br />A jegesmedve és a grizzly medve olykor a természetben is kereszteződik, habár a hibridek rendkívül ritkák.[8]<br />A jegesmedve talpa szőrös, ezért biztonsággal jár a jégen.<br />A jegesmedvét a hófödte tájból kivillanó koromfekete orra könnyen elárulja: világos nappal, távcsővel akár tíz kilométer távolságból is megpillanthatjuk. Egy régi eszkimó legenda szerint, amikor a fókák felé lopódzik, orrát a mancsával eltakarja, nehogy leleplezze magát.<br /><br />Ilyen viselkedést azonban sosem sikerült dokumentálni.<br /><br />Magyarországon a Budapesti Állatkertben és a Nyíregyházi Állatparkban tartanak jegesmedvéket.<br /><div style="clear: both;text-align: center"></div><br /><div style="clear: both;text-align: center"></div>&nbsp;Forras Wikipedia<br /><div style="clear: both;text-align: center"></div></div>
